 5, 1499
What are the prime factors of 118516?
2, 29629
What are the prime factors of 679?
7, 97
List the prime factors of 2592.
2, 3
What are the prime factors of 6955?
5, 13, 107
What are the prime factors of 525?
3, 5, 7
What are the prime factors of 69251?
7, 13, 761
List the prime factors of 24508.
2, 11, 557
What are the prime factors of 7441?
7, 1063
What are the prime factors of 3331?
3331
List the prime factors of 2449.
31, 79
List the prime factors of 1502.
2, 751
What are the prime factors of 13959?
3, 11, 47
What are the prime factors of 536?
2, 67
What are the prime factors of 30?
2, 3, 5
What are the prime factors of 872?
2, 109
List the prime factors of 6181.
7, 883
What are the prime factors of 5090?
2, 5, 509
What are the prime factors of 6487?
13, 499
List the prime factors of 1327.
1327
List the prime factors of 38823.
3, 12941
List the prime factors of 8112.
2, 3, 13
List the prime factors of 1293.
3, 431
List the prime factors of 1522.
2, 761
List the prime factors of 2437.
2437
What are the prime factors of 15407?
7, 31, 71
What are the prime factors of 4343?
43, 101
List the prime factors of 4573.
17, 269
What are the prime factors of 1450?
2, 5, 29
What are the prime factors of 2853?
3, 317
List the prime factors of 3676.
2, 919
List the prime factors of 48256.
2, 13, 29
List the prime factors of 111174.
2, 3, 7, 2647
List the prime factors of 1369.
37
What are the prime factors of 9539?
9539
What are the prime factors of 980?
2, 5, 7
List the prime factors of 145901.
7, 19, 1097
List the prime factors of 9242.
2, 4621
List the prime factors of 1472.
2, 23
List the prime factors of 1838.
2, 919
List the prime factors of 689.
13, 53
List the prime factors of 78614.
2, 23, 1709
What are the prime factors of 733?
733
List the prime factors of 929.
929
List the prime factors of 28027.
28027
List the prime factors of 770.
2, 5, 7, 11
What are the prime factors of 114?
2, 3, 19
What are the prime factors of 7963?
7963
What are the prime factors of 7018?
2, 11, 29
List the prime factors of 3522.
2, 3, 587
What are the prime factors of 8210?
2, 5, 821
List the prime factors of 1435.
5, 7, 41
List the prime factors of 15012.
2, 3, 139
What are the prime factors of 752?
2, 47
What are the prime factors of 3042?
2, 3, 13
List the prime factors of 7939.
17, 467
What are the prime factors of 4079?
4079
List the prime factors of 900.
2, 3, 5
List the prime factors of 1146.
2, 3, 191
List the prime factors of 11514.
2, 3, 19, 101
What are the prime factors of 1192?
2, 149
What are the prime factors of 6015?
3, 5, 401
List the prime factors of 36314.
2, 67, 271
List the prime factors of 47522.
2, 23761
List the prime factors of 3335.
5, 23, 29
What are the prime factors of 1869?
3, 7, 89
List the prime factors of 13949.
13, 29, 37
What are the prime factors of 124?
2, 31
List the prime factors of 27744.
2, 3, 17
What are the prime factors of 4845?
3, 5, 17, 19
What are the prime factors of 6088?
2, 761
What are the prime factors of 965?
5, 193
List the prime factors of 1099.
7, 157
What are the prime factors of 4478?
2, 2239
List the prime factors of 73.
73
What are the prime factors of 35656?
2, 4457
What are the prime factors of 5520?
2, 3, 5, 23
List the prime factors of 3982.
2, 11, 181
What are the prime factors of 967?
967
What are the prime factors of 304?
2, 19
What are the prime factors of 1084?
2, 271
List the prime factors of 3113.
11, 283
List the prime factors of 2993.
41, 73
What are the prime factors of 52276?
2, 7, 1867
What are the prime factors of 25925?
5, 17, 61
What are the prime factors of 803?
11, 73
List the prime factors of 9847.
43, 229
What are the prime factors of 2098?
2, 1049
What are the prime factors of 1264?
2, 79
What are the prime factors of 4571?
7, 653
What are the prime factors of 9154?
2, 23, 199
List the prime factors of 61188.
2, 3, 5099
List the prime factors of 670.
2, 5, 67
List the prime factors of 557.
557
List the prime factors of 1072.
2, 67
What are the prime factors of 60449?
60449
What are the prime factors of 198?
2, 3, 11
List the prime factors of 7817.
7817
List the prime factors of 8755.
5, 17, 103
What are the prime factors of 22366?
2, 53, 211
What are the prime factors of 1130?
2, 5, 113
List the prime factors of 19354.
2, 9677
What are the prime factors of 15378?
2, 3, 11, 233
List the prime factors of 171.
3, 19
What are the prime factors of 34979?
7, 19, 263
What are the prime factors of 1041?
3, 347
List the prime factors of 2796.
2, 3, 233
What are the prime factors of 5972?
2, 1493
What are the prime factors of 36691?
36691
List the prime factors of 3031.
7, 433
What are the prime factors of 971?
971
What are the prime factors of 84428?
2, 21107
What are the prime factors of 835?
5, 167
List the prime factors of 1229.
1229
List the prime factors of 12158.
2, 6079
What are the prime factors of 42885?
3, 5, 953
List the prime factors of 1943.
29, 67
What are the prime factors of 12946?
2, 6473
List the prime factors of 1836.
2, 3, 17
List the prime factors of 21932.
2, 5483
List the prime factors of 613.
613
List the prime factors of 628.
2, 157
What are the prime factors of 3201?
3, 11, 97
What are the prime factors of 2009?
7, 41
List the prime factors of 38230.
2, 5, 3823
List the prime factors of 4802.
2, 7
List the prime factors of 2102.
2, 1051
What are the prime factors of 4967?
4967
List the prime factors of 21309.
3, 7103
What are the prime factors of 9706?
2, 23, 211
What are the prime factors of 1141?
7, 163
What are the prime factors of 1310?
2, 5, 131
List the prime factors of 2733.
3, 911
List the prime factors of 8124.
2, 3, 677
List the prime factors of 4152.
2, 3, 173
List the prime factors of 8083.
59, 137
What are the prime factors of 2644?
2, 661
List the prime factors of 3800.
2, 5, 19
List the prime factors of 344.
2, 43
What are the prime factors of 5432?
2, 7, 97
What are the prime factors of 961?
31
What are the prime factors of 10366?
2, 71, 73
What are the prime factors of 9765?
3, 5, 7, 31
What are the prime factors of 468?
2, 3, 13
List the prime factors of 17004.
2, 3, 13, 109
What are the prime factors of 1140?
2, 3, 5, 19
List the prime factors of 8384.
2, 131
What are the prime factors of 3531?
3, 11, 107
What are the prime factors of 2868?
2, 3, 239
List the prime factors of 3871.
7, 79
What are the prime factors of 328?
2, 41
List the prime factors of 22852.
2, 29, 197
What are the prime factors of 216?
2, 3
What are the prime factors of 64947?
3, 21649
List the prime factors of 144295.
5, 28859
What are the prime factors of 199673?
199673
List the prime factors of 142.
2, 71
List the prime factors of 984.
2, 3, 41
What are the prime factors of 3672?
2, 3, 17
What are the prime factors of 277?
277
What are the prime factors of 40973?
40973
List the prime factors of 6685.
5, 7, 191
What are the prime factors of 9833?
9833
List the prime factors of 1123.
1123
List the prime factors of 13528.
2, 19, 89
List the prime factors of 2307.
3, 769
List the prime factors of 65503.
31, 2113
List the prime factors of 37315.
5, 17, 439
What are the prime factors of 2036?
2, 509
List the prime factors of 101.
101
List the prime factors of 4208.
2, 263
What are the prime factors of 89260?
2, 5, 4463
What are the prime factors of 19601?
17, 1153
What are the prime factors of 906?
2, 3, 151
What are the prime factors of 109929?
3, 36643
List the prime factors of 13331.
13331
What are the prime factors of 1052?
2, 263
What are the prime factors of 35899?
35899
List the prime factors of 595.
5, 7, 17
List the prime factors of 30368.
2, 13, 73
What are the prime factors of 1440?
2, 3, 5
List the prime factors of 56336.
2, 7, 503
List the prime factors of 964.
2, 241
List the prime factors of 652.
2, 163
What are the prime factors of 3441?
3, 31, 37
What are the prime factors of 11365?
5, 2273
What are the prime factors of 745?
5, 149
What are the prime factors of 4105?
5, 821
List the prime factors of 6569.
6569
List the prime factors of 9101.
19, 479
List the prime factors of 2836.
2, 709
What are the prime factors of 8369?
8369
What are the prime factors of 1745?
5, 349
What are the prime factors of 52355?
5, 37, 283
List the prime factors of 11640.
2, 3